9 (base 14) in base 7?
-5602
-100305 (base 6) to base 9
-11735
Convert 7b9 (base 15) to base 9.
2353
Convert -111134 (base 5) to base 9.
-5334
Convert -1305 (base 11) to base 8.
-3243
-622 (base 9) to base 7
-1322
62f (base 16) to base 14
811
Convert 10076 (base 8) to base 11.
3140
What is 1d0b (base 14) in base 10?
5303
47d (base 15) to base 7
2653
Convert 1220210 (base 3) to base 8.
2566
Convert 10001 (base 6) to base 14.
689
Convert -cb9 (base 14) to base 15.
-b2a
Convert -14023 (base 6) to base 11.
-16a8
-8e4 (base 15) to base 3
-2202121
What is 1112222 (base 3) in base 14?
5ad
What is 101001111110 (base 2) in base 4?
221332
400 (base 7) to base 9
237
Convert -11100011110 (base 2) to base 5.
-24242
What is 432 (base 6) in base 14?
ba
What is 1505 (base 7) in base 15?
298
What is 1534 (base 13) in base 12?
1951
-3461a (base 12) to base 16
-11176
-3a71 (base 13) to base 16
-20b5
Convert 1404 (base 9) to base 10.
1057
68a1 (base 11) to base 15
2a45
Convert -13331 (base 6) to base 7.
-6016
What is -100556 (base 7) in base 3?
-212110002
What is -12012 (base 4) in base 8?
-606
Convert 1c4 (base 13) to base 12.
235
Convert 154546 (base 7) to base 12.
15767
What is 62003 (base 7) in base 2?
11101011110111
Convert 100001001000 (base 2) to base 6.
13452
-758a (base 15) to base 7
-132352
-789 (base 10) to base 9
-1066
What is -1046 (base 12) in base 11?
-1380
Convert -7b5c (base 14) to base 2.
-101001111000110
Convert 12014 (base 6) to base 5.
23423
What is 2693 (base 15) in base 7?
33006
14a24 (base 11) to base 4
11023101
-2859 (base 11) to base 9
-5054
439 (base 10) to base 11
36a
What is -12263 (base 8) in base 4?
-1102303
What is 24203 (base 6) in base 5?
103111
20001012 (base 3) to base 8
10466
What is 23c (base 16) in base 8?
1074
-40042 (base 5) to base 2
-100111011010
1140 (base 8) to base 16
260
35154 (base 7) to base 4
2030232
Convert 18801 (base 10) to base 13.
8733
17452 (base 8) to base 6
100534
Convert -10605 (base 8) to base 2.
-1000110000101
Convert c989 (base 14) to base 4.
20133331
253022 (base 6) to base 7
123110
Convert 101120 (base 3) to base 8.
435
Convert -2101111 (base 4) to base 15.
-2b51
What is 2723 (base 8) in base 11?
1136
Convert 643 (base 16) to base 14.
827
Convert -124716 (base 8) to base 10.
-43470
Convert -13727 (base 13) to base 12.
-19068
What is -144 (base 14) in base 4?
-10000
Convert -8347 (base 11) to base 13.
-505c
What is -8b7a (base 12) in base 14?
-5914
Convert bb85 (base 14) to base 3.
1122112010
Convert 1040 (base 6) to base 14.
132
-b7 (base 13) to base 15
-a0
What is 1524 (base 6) in base 10?
412
Convert -21525 (base 6) to base 2.
-101110111101
Convert -1557 (base 12) to base 4.
-213103
What is -432043 (base 6) in base 9?
-53560
13011 (base 4) to base 11
382
508 (base 9) to base 3
120022
Convert -1357 (base 8) to base 2.
-1011101111
What is -1524 (base 8) in base 16?
-354
Convert -692 (base 11) to base 15.
-3a2
What is 134433 (base 5) in base 15?
19e8
What is -173214 (base 8) in base 13?
-22961
1562 (base 11) to base 10
2004
22232 (base 4) to base 3
221102
What is -40101 (base 6) in base 3?
-21011101
Convert -562 (base 7) to base 8.
-441
What is -1215 (base 6) in base 7?
-605
Convert -7445 (base 10) to base 4.
-1310111
What is -181 (base 16) in base 14?
-1d7
What is 2665 (base 14) in base 4?
1221201
Convert 1011001010100110 (base 2) to base 11.
313a7
-2000100011 (base 3) to base 8
-115275
What is 100204 (base 6) in base 13?
3760
850 (base 13) to base 9
1844
What is -5116 (base 7) in base 3?
-2102211
5345 (base 8) to base 15
c5e
What is -531 (base 10) in base 5?
-4111
1001021 (base 3) to base 11
634
-1478 (base 9) to base 13
-686
What is -130 (base 4) in base 16?
-1c
Convert 5e07 (base 15) to base 7.
112255
Convert 3013 (base 7) to base 2.
10000001111
Convert 11010021 (base 3) to base 8.
5674
-3bd (base 15) to base 4
-31111
What is 1732 (base 11) in base 14?
b41
What is -2322204 (base 5) in base 6?
-523135
What is -10001111 (base 2) in base 12?
-bb
1010201 (base 3) to base 16
33d
-127663 (base 9) to base 10
-77817
-6bc5 (base 15) to base 12
-11312
442 (base 8) to base 14
16a
Convert -ca77 (base 14) to base 7.
-204010
What is -1b134 (base 12) in base 5?
-2234203
What is 10211110 (base 4) in base 11?
13116
3071 (base 10) to base 4
233333
What is 8d3 (base 16) in base 14?
b75
Convert 7306 (base 13) to base 16.
3e14
-7b0 (base 16) to base 13
-b85
-1200233 (base 4) to base 5
-144231
1650 (base 7) to base 14
360
What is -273 (base 13) in base 16?
-1b0
What is 111100110010111 (base 2) in base 4?
13212113
-11012022201 (base 3) to base 16
-142b4
-11850 (base 10) to base 14
-4466
Convert -45 (base 15) to base 8.
-101
4052 (base 10) to base 9
5502
What is 44255 (base 6) in base 12?
368b
-114 (base 15) to base 6
-1044
What is 9ce0 (base 15) in base 9?
50583
What is -e7a (base 15) in base 12?
-1a81
-462 (base 16) to base 10
-1122
Convert 11114 (base 6) to base 3.
2010201
-22021 (base 3) to base 10
-223
Convert cda (base 15) to base 10.
2905
What is -2860 (base 10) in base 4?
-230230
Convert -22010310 (base 4) to base 12.
-1ba70
What is -6 (base 11) in base 13?
-6
What is 23321 (base 5) in base 8?
3257
811 (base 12) to base 3
1121011
What is 3922 (base 13) in base 11?
6130
Convert -20140 (base 5) to base 16.
-50f
Convert -80 (base 12) to base 11.
-88
63750 (base 9) to base 3
2010211200
133403 (base 5) to base 15
1953
533 (base 13) to base 2
1101110111
5a8 (base 13) to base 7
2603
-63c (base 13) to base 5
-13230
What is -201220 (base 4) in base 9?
-2851
Convert -11093 (base 11) to base 3.
-211001100
What is 100113 (base 5) in base 14?
1218
What is 1120121 (base 3) in base 2?
10001111110
Convert 47743 (base 10) to base 15.
e22d
-26456 (base 7) to base 4
-1232321
166c (base 16) to base 6
42324
Convert -3ac (base 15) to base 13.
-4c5
-3341 (base 7) to base 10
-1205
988 (base 11) to base 10
1185
-41364 (base 7) to base 10
-10140
Convert -53 (base 8) to base 13.
-34
-101001011001000 (base 2) to base 12
-10320
1b8 (base 15) to base 2
110001110
What is -286 (base 16) in base 2?
-1010000110
What is 726 (base 14) in base 7?
4046
Convert -39a (base 11) to base 2.
-111011000
-6d8 (base 16) to base 6
-12040
Convert -222012 (base 4) to base 11.
-202a
What is -5070 (base 10) in base 4?
-1033032
20020202 (base 3) to base 14
1936
8025 (base 11) to base 14
3c67
What is -146 (base 10) in base 14?
-a6
What is -100100100 (base 2) in base 9?
-354
What is 609 (base 10) in base 7?
1530
What is 14420 (base 8) in base 12?
3868
11020 (base 5) to base 3
1001011
-2403 (base 5) to base 7
-1013
Convert 41155 (base 7) to base 2.
10011100110100
68 (base 9) to base 7
116
-1786 (base 10) to base 2
-11011111010
What is 1000200 (base 3) in base 10?
747
Convert 13 (base 16) to base 10.
19
760 (base 14) to base 15
671
10101011111000 (base 2) to base 3
120002102
What is 413 (base 11) in base 16?
1f2
What is 20419 (base 12) in base 11?
29675
Convert 1010001000011101 (base 2) to base 13.
15b75
605 (base 9) to base 14
271
What is -20323 (base 4) in base 9?
-704
-20450 (base 6) to base 9
-3713
Convert -129 (base 11) to base 16.
-98
What is 1332 (base 6) in base 13?
206
What is -14530 (base 7) in base 15?
-12e4
Convert -431 (base 10) to base 12.
-2bb
2509 (base 11) to base 16
ccc
What is -4024 (base 5) in base 2?
-1000000010
Convert -11101000 (base 2) to base 4.
-3220
-1080 (base 11) to base 14
-735
What is 114333 (base 5) in base 10?
4343
What is 122210 (base 4) in base 7?
4646
Convert a86 (base 15) to base 2.
100101001000
What is -11622 (base 7) in base 10?
-3054
-11370 (base 9) to base 14
-2aa8
What is -110111110 (base 2) in base 10?
-446
Convert 2226 (base 8) to base 6.
5234
-32123 (base 4) to base 16
-39b
Convert 1021000 (base 3) to base 13.
558
What is 10573 (base 9) in base 15?
213c
-11231 (base 15) to base 8
-152340
23424 (base 5) to base 16
6cb
What is -200 (base 4) in base 6?
-52
Convert 12213 (base 5) to base 4.
32211
What is -1011110111 (base 2) in base 11?
-630
Convert -32d (base 14) to base 15.
-2be
634 (base 7) to base 5
2234
-110110000 (base 2) to base 14
-22c
Convert -476 (base 10) to base 8.
-734
What is -5710 (base 14) in base 13?
-6b50
34452 (base 6) to base 7
20240
Convert 2d5b (base 15) to base 14.
37b3
2312 (base 15) to base 2
111010